{"id":2,"date":"2012-07-22T14:42:30","date_gmt":"2012-07-22T12:42:30","guid":{"rendered":"http:\/\/www.probst-obst.de\/wordpress\/?page_id=2"},"modified":"2021-07-28T13:00:06","modified_gmt":"2021-07-28T11:00:06","slug":"unser-hofladen","status":"publish","type":"page","link":"http:\/\/www.probst-obst.de\/?page_id=2","title":{"rendered":"Unser Hofladen"},"content":{"rendered":"<p>Im Hofladen der Familie Probst findet jeder Besucher frische, gute, herzhafte, originelle Produkte aus eigener Produktion oder aus der Bodenseeregion.<\/p>\n<p>Direkt vom eigenen Feld oder kurze Lieferwege erm\u00f6glichen es immer frische und aktuelle, saisonbedingte Waren auf den Ladentisch zu bekommen. Der Hofladen befindet sich direkt im Stadel des Geh\u00f6ft Probst und bietet dem Kunden ein St\u00fcck Natur und Professionalit\u00e4t zu gleich. Jedoch ist es selbst in der Winterzeit m\u00f6glich s\u00fcdl\u00e4ndische Produkte zu erhalten, zuverl\u00e4ssige und ausgezeichnete Kontakte erm\u00f6glichen es gute Ware zu bekommen.<\/p>\n<p>Aus fast 20 Hektar Obstanbau werden nur eigen produzierte \u00c4pfel und Birnen angeboten und verkauft. Moderner K\u00fchltechnik ist es zu verdanken, dass der Reifeprozess in kontrollierter Atmosph\u00e4re unterbrochen wird und somit dem Kunden auch noch im Fr\u00fchjahr nach der Ernte knackig frische \u00c4pfel angeboten werden k\u00f6nnen.<\/p>\n<p>Ebenso in eigener Herstellung befindet sich naturtr\u00fcber und konservierter Apfelsaft, Schn\u00e4pse und Weine aller Arten in individuellen Flaschen und Verpackungen.<\/p>\n<h4>Unsere Produkte:<\/h4>\n<ul>\n<li><strong>\u00c4pfel und Birnen<\/strong> <strong>aus eigenem Anbau:<\/strong> verschiedene Gr\u00f6\u00dfen, Sorten und Geschmacksrichtungen werden dem Kunden in jeder beliebiger Menge angeboten.<\/li>\n<li><strong>Marmelade und Brotaufstriche<\/strong> aus eigener Herstellung<\/li>\n<li><strong>Apfelwein (Most)<\/strong> in verschiedenen Geschmacksrichtungen <strong>aus eigener Herstellung<\/strong> und nur aus eigenen und kontrollierten Apfelsorten<\/li>\n<li><strong>Schn\u00e4pse <\/strong><strong>aus eigener Herstellung<\/strong> in versch. Mengen, individuellen Flaschen, Geschenkverpackungen, usw.<\/li>\n<li><strong>Obst und Gem\u00fcse aller Art<\/strong> (Erdbeeren, Himbeeren, Johannisbeeren, Stachelbeeren, Brombeeren, Kirschen, Zwetschgen, Deutscher Spargel aus der Region, versch. Salate, Gurken, Kr\u00e4uter, Sellerie, Lauch, Kohlrabi, Rot- und Wei\u00dfkohl, Zwiebeln, Knoblauch, Petersilie, Schnittlauch, rote Beete, Rhabarber, Rettich, Radieschen, usw.)<\/li>\n<li><strong>Kartoffeln<\/strong> aller Art und Gr\u00f6\u00dfe, die zum Salat und zum Kochen ideal geeignet sind, je nach Saison je nach Wunsch des Kunden<\/li>\n<li><strong>Lik\u00f6re und Weine: <\/strong>verschiedene Sorten aus der Region<\/li>\n<li><strong>S\u00fcdfr\u00fcchte<\/strong> wie zum Beispiel Bananen, Orangen, Kiwi, Datteln, Feigen, Mango, Litschis, und vieles mehr&#8230;<\/li>\n<li><strong>Sonstiges:<\/strong> Heimische Produkte aus der Region wie herzhafte und naturbelassene Wurst und Dosenfleisch von einer Metzgerei der Region (Rauchfleisch, Salami, Schinken, usw.), K\u00e4se, Honig, Nudeln, Eier, Essiggurken, Salatso\u00dfen und vieles mehr&#8230;<\/li>\n<\/ul>\n\n\n<div class=\"ngg-galleryoverview ngg-slideshow\"\n\t id=\"ngg-slideshow-57d46f0a0160c451b1eb7ff3c5719f93-4022418300\"\n     data-gallery-id=\"57d46f0a0160c451b1eb7ff3c5719f93\"\n     style=\"max-width: 800px; max-height: 600px;\">\n\n \t<div id=\"ngg-image-0\" class=\"ngg-gallery-slideshow-image\" style=\"height:600px\">\n\n        <a href=\"http:\/\/www.probst-obst.de\/wordpress\/wp-content\/gallery\/2018-produkte\/1.JPG\"\n           title=\"\"\n           data-src=\"http:\/\/www.probst-obst.de\/wordpress\/wp-content\/gallery\/2018-produkte\/1.JPG\"\n           data-thumbnail=\"http:\/\/www.probst-obst.de\/wordpress\/wp-content\/gallery\/2018-produkte\/thumbs\/thumbs_1.JPG\"\n           data-image-id=\"1\"\n           data-title=\"1\"\n           data-description=\"\"\n           class=\"ngg-fancybox\" rel=\"57d46f0a0160c451b1eb7ff3c5719f93\">\n\n            <img data-image-id='1'\n                 title=\"\"\n                 alt=\"1\"\n                 src=\"http:\/\/www.probst-obst.de\/wordpress\/wp-content\/gallery\/2018-produkte\/1.JPG\"\n                 style=\"max-height: 580px;\"\/>\n        <\/a>\n\n        <\/div> \n<div id=\"ngg-image-1\" class=\"ngg-gallery-slideshow-image\" style=\"height:600px\">\n\n        <a href=\"http:\/\/www.probst-obst.de\/wordpress\/wp-content\/gallery\/2018-produkte\/2.JPG\"\n           title=\"\"\n           data-src=\"http:\/\/www.probst-obst.de\/wordpress\/wp-content\/gallery\/2018-produkte\/2.JPG\"\n           data-thumbnail=\"http:\/\/www.probst-obst.de\/wordpress\/wp-content\/gallery\/2018-produkte\/thumbs\/thumbs_2.JPG\"\n           data-image-id=\"2\"\n           data-title=\"2\"\n           data-description=\"\"\n           class=\"ngg-fancybox\" rel=\"57d46f0a0160c451b1eb7ff3c5719f93\">\n\n            <img data-image-id='2'\n                 title=\"\"\n                 alt=\"2\"\n                 src=\"http:\/\/www.probst-obst.de\/wordpress\/wp-content\/gallery\/2018-produkte\/2.JPG\"\n                 style=\"max-height: 580px;\"\/>\n        <\/a>\n\n        <\/div> \n<div id=\"ngg-image-2\" class=\"ngg-gallery-slideshow-image\" style=\"height:600px\">\n\n        <a href=\"http:\/\/www.probst-obst.de\/wordpress\/wp-content\/gallery\/2018-produkte\/3.JPG\"\n           title=\"\"\n           data-src=\"http:\/\/www.probst-obst.de\/wordpress\/wp-content\/gallery\/2018-produkte\/3.JPG\"\n           data-thumbnail=\"http:\/\/www.probst-obst.de\/wordpress\/wp-content\/gallery\/2018-produkte\/thumbs\/thumbs_3.JPG\"\n           data-image-id=\"3\"\n           data-title=\"3\"\n           data-description=\"\"\n           class=\"ngg-fancybox\" rel=\"57d46f0a0160c451b1eb7ff3c5719f93\">\n\n            <img data-image-id='3'\n                 title=\"\"\n                 alt=\"3\"\n                 src=\"http:\/\/www.probst-obst.de\/wordpress\/wp-content\/gallery\/2018-produkte\/3.JPG\"\n                 style=\"max-height: 580px;\"\/>\n        <\/a>\n\n        <\/div> \n<div id=\"ngg-image-3\" class=\"ngg-gallery-slideshow-image\" style=\"height:600px\">\n\n        <a href=\"http:\/\/www.probst-obst.de\/wordpress\/wp-content\/gallery\/2018-produkte\/4.JPG\"\n           title=\"\"\n           data-src=\"http:\/\/www.probst-obst.de\/wordpress\/wp-content\/gallery\/2018-produkte\/4.JPG\"\n           data-thumbnail=\"http:\/\/www.probst-obst.de\/wordpress\/wp-content\/gallery\/2018-produkte\/thumbs\/thumbs_4.JPG\"\n           data-image-id=\"4\"\n           data-title=\"4\"\n           data-description=\"\"\n           class=\"ngg-fancybox\" rel=\"57d46f0a0160c451b1eb7ff3c5719f93\">\n\n            <img data-image-id='4'\n                 title=\"\"\n                 alt=\"4\"\n                 src=\"http:\/\/www.probst-obst.de\/wordpress\/wp-content\/gallery\/2018-produkte\/4.JPG\"\n                 style=\"max-height: 580px;\"\/>\n        <\/a>\n\n        <\/div> \n<div id=\"ngg-image-4\" class=\"ngg-gallery-slideshow-image\" style=\"height:600px\">\n\n        <a href=\"http:\/\/www.probst-obst.de\/wordpress\/wp-content\/gallery\/2018-produkte\/4_.JPG\"\n           title=\"\"\n           data-src=\"http:\/\/www.probst-obst.de\/wordpress\/wp-content\/gallery\/2018-produkte\/4_.JPG\"\n           data-thumbnail=\"http:\/\/www.probst-obst.de\/wordpress\/wp-content\/gallery\/2018-produkte\/thumbs\/thumbs_4_.JPG\"\n           data-image-id=\"5\"\n           data-title=\"4_\"\n           data-description=\"\"\n           class=\"ngg-fancybox\" rel=\"57d46f0a0160c451b1eb7ff3c5719f93\">\n\n            <img data-image-id='5'\n                 title=\"\"\n                 alt=\"4_\"\n                 src=\"http:\/\/www.probst-obst.de\/wordpress\/wp-content\/gallery\/2018-produkte\/4_.JPG\"\n                 style=\"max-height: 580px;\"\/>\n        <\/a>\n\n        <\/div> \n<div id=\"ngg-image-5\" class=\"ngg-gallery-slideshow-image\" style=\"height:600px\">\n\n        <a href=\"http:\/\/www.probst-obst.de\/wordpress\/wp-content\/gallery\/2018-produkte\/5.JPG\"\n           title=\"\"\n           data-src=\"http:\/\/www.probst-obst.de\/wordpress\/wp-content\/gallery\/2018-produkte\/5.JPG\"\n           data-thumbnail=\"http:\/\/www.probst-obst.de\/wordpress\/wp-content\/gallery\/2018-produkte\/thumbs\/thumbs_5.JPG\"\n           data-image-id=\"6\"\n           data-title=\"5\"\n           data-description=\"\"\n           class=\"ngg-fancybox\" rel=\"57d46f0a0160c451b1eb7ff3c5719f93\">\n\n            <img data-image-id='6'\n                 title=\"\"\n                 alt=\"5\"\n                 src=\"http:\/\/www.probst-obst.de\/wordpress\/wp-content\/gallery\/2018-produkte\/5.JPG\"\n                 style=\"max-height: 580px;\"\/>\n        <\/a>\n\n        <\/div> \n<div id=\"ngg-image-6\" class=\"ngg-gallery-slideshow-image\" style=\"height:600px\">\n\n        <a href=\"http:\/\/www.probst-obst.de\/wordpress\/wp-content\/gallery\/2018-produkte\/6.JPG\"\n           title=\"\"\n           data-src=\"http:\/\/www.probst-obst.de\/wordpress\/wp-content\/gallery\/2018-produkte\/6.JPG\"\n           data-thumbnail=\"http:\/\/www.probst-obst.de\/wordpress\/wp-content\/gallery\/2018-produkte\/thumbs\/thumbs_6.JPG\"\n           data-image-id=\"7\"\n           data-title=\"6\"\n           data-description=\"\"\n           class=\"ngg-fancybox\" rel=\"57d46f0a0160c451b1eb7ff3c5719f93\">\n\n            <img data-image-id='7'\n                 title=\"\"\n                 alt=\"6\"\n                 src=\"http:\/\/www.probst-obst.de\/wordpress\/wp-content\/gallery\/2018-produkte\/6.JPG\"\n                 style=\"max-height: 580px;\"\/>\n        <\/a>\n\n        <\/div> \n<div id=\"ngg-image-7\" class=\"ngg-gallery-slideshow-image\" style=\"height:600px\">\n\n        <a href=\"http:\/\/www.probst-obst.de\/wordpress\/wp-content\/gallery\/2018-produkte\/6_.JPG\"\n           title=\"\"\n           data-src=\"http:\/\/www.probst-obst.de\/wordpress\/wp-content\/gallery\/2018-produkte\/6_.JPG\"\n           data-thumbnail=\"http:\/\/www.probst-obst.de\/wordpress\/wp-content\/gallery\/2018-produkte\/thumbs\/thumbs_6_.JPG\"\n           data-image-id=\"8\"\n           data-title=\"6_\"\n           data-description=\"\"\n           class=\"ngg-fancybox\" rel=\"57d46f0a0160c451b1eb7ff3c5719f93\">\n\n            <img data-image-id='8'\n                 title=\"\"\n                 alt=\"6_\"\n                 src=\"http:\/\/www.probst-obst.de\/wordpress\/wp-content\/gallery\/2018-produkte\/6_.JPG\"\n                 style=\"max-height: 580px;\"\/>\n        <\/a>\n\n        <\/div> \n<div id=\"ngg-image-8\" class=\"ngg-gallery-slideshow-image\" style=\"height:600px\">\n\n        <a href=\"http:\/\/www.probst-obst.de\/wordpress\/wp-content\/gallery\/2018-produkte\/7.JPG\"\n           title=\"\"\n           data-src=\"http:\/\/www.probst-obst.de\/wordpress\/wp-content\/gallery\/2018-produkte\/7.JPG\"\n           data-thumbnail=\"http:\/\/www.probst-obst.de\/wordpress\/wp-content\/gallery\/2018-produkte\/thumbs\/thumbs_7.JPG\"\n           data-image-id=\"9\"\n           data-title=\"7\"\n           data-description=\"\"\n           class=\"ngg-fancybox\" rel=\"57d46f0a0160c451b1eb7ff3c5719f93\">\n\n            <img data-image-id='9'\n                 title=\"\"\n                 alt=\"7\"\n                 src=\"http:\/\/www.probst-obst.de\/wordpress\/wp-content\/gallery\/2018-produkte\/7.JPG\"\n                 style=\"max-height: 580px;\"\/>\n        <\/a>\n\n        <\/div> \n<div id=\"ngg-image-9\" class=\"ngg-gallery-slideshow-image\" style=\"height:600px\">\n\n        <a href=\"http:\/\/www.probst-obst.de\/wordpress\/wp-content\/gallery\/2018-produkte\/9.JPG\"\n           title=\"\"\n           data-src=\"http:\/\/www.probst-obst.de\/wordpress\/wp-content\/gallery\/2018-produkte\/9.JPG\"\n           data-thumbnail=\"http:\/\/www.probst-obst.de\/wordpress\/wp-content\/gallery\/2018-produkte\/thumbs\/thumbs_9.JPG\"\n           data-image-id=\"10\"\n           data-title=\"9\"\n           data-description=\"\"\n           class=\"ngg-fancybox\" rel=\"57d46f0a0160c451b1eb7ff3c5719f93\">\n\n            <img data-image-id='10'\n                 title=\"\"\n                 alt=\"9\"\n                 src=\"http:\/\/www.probst-obst.de\/wordpress\/wp-content\/gallery\/2018-produkte\/9.JPG\"\n                 style=\"max-height: 580px;\"\/>\n        <\/a>\n\n        <\/div> \n<div id=\"ngg-image-10\" class=\"ngg-gallery-slideshow-image\" style=\"height:600px\">\n\n        <a href=\"http:\/\/www.probst-obst.de\/wordpress\/wp-content\/gallery\/2018-produkte\/9_.JPG\"\n           title=\"\"\n           data-src=\"http:\/\/www.probst-obst.de\/wordpress\/wp-content\/gallery\/2018-produkte\/9_.JPG\"\n           data-thumbnail=\"http:\/\/www.probst-obst.de\/wordpress\/wp-content\/gallery\/2018-produkte\/thumbs\/thumbs_9_.JPG\"\n           data-image-id=\"11\"\n           data-title=\"9_\"\n           data-description=\"\"\n           class=\"ngg-fancybox\" rel=\"57d46f0a0160c451b1eb7ff3c5719f93\">\n\n            <img data-image-id='11'\n                 title=\"\"\n                 alt=\"9_\"\n                 src=\"http:\/\/www.probst-obst.de\/wordpress\/wp-content\/gallery\/2018-produkte\/9_.JPG\"\n                 style=\"max-height: 580px;\"\/>\n        <\/a>\n\n        <\/div> \n<div id=\"ngg-image-11\" class=\"ngg-gallery-slideshow-image\" style=\"height:600px\">\n\n        <a href=\"http:\/\/www.probst-obst.de\/wordpress\/wp-content\/gallery\/2018-produkte\/10.JPG\"\n           title=\"\"\n           data-src=\"http:\/\/www.probst-obst.de\/wordpress\/wp-content\/gallery\/2018-produkte\/10.JPG\"\n           data-thumbnail=\"http:\/\/www.probst-obst.de\/wordpress\/wp-content\/gallery\/2018-produkte\/thumbs\/thumbs_10.JPG\"\n           data-image-id=\"12\"\n           data-title=\"10\"\n           data-description=\"\"\n           class=\"ngg-fancybox\" rel=\"57d46f0a0160c451b1eb7ff3c5719f93\">\n\n            <img data-image-id='12'\n                 title=\"\"\n                 alt=\"10\"\n                 src=\"http:\/\/www.probst-obst.de\/wordpress\/wp-content\/gallery\/2018-produkte\/10.JPG\"\n                 style=\"max-height: 580px;\"\/>\n        <\/a>\n\n        <\/div> \n<div id=\"ngg-image-12\" class=\"ngg-gallery-slideshow-image\" style=\"height:600px\">\n\n        <a href=\"http:\/\/www.probst-obst.de\/wordpress\/wp-content\/gallery\/2018-produkte\/12.JPG\"\n           title=\"\"\n           data-src=\"http:\/\/www.probst-obst.de\/wordpress\/wp-content\/gallery\/2018-produkte\/12.JPG\"\n           data-thumbnail=\"http:\/\/www.probst-obst.de\/wordpress\/wp-content\/gallery\/2018-produkte\/thumbs\/thumbs_12.JPG\"\n           data-image-id=\"13\"\n           data-title=\"12\"\n           data-description=\"\"\n           class=\"ngg-fancybox\" rel=\"57d46f0a0160c451b1eb7ff3c5719f93\">\n\n            <img data-image-id='13'\n                 title=\"\"\n                 alt=\"12\"\n                 src=\"http:\/\/www.probst-obst.de\/wordpress\/wp-content\/gallery\/2018-produkte\/12.JPG\"\n                 style=\"max-height: 580px;\"\/>\n        <\/a>\n\n        <\/div> \n<div id=\"ngg-image-13\" class=\"ngg-gallery-slideshow-image\" style=\"height:600px\">\n\n        <a href=\"http:\/\/www.probst-obst.de\/wordpress\/wp-content\/gallery\/2018-produkte\/13.JPG\"\n           title=\"\"\n           data-src=\"http:\/\/www.probst-obst.de\/wordpress\/wp-content\/gallery\/2018-produkte\/13.JPG\"\n           data-thumbnail=\"http:\/\/www.probst-obst.de\/wordpress\/wp-content\/gallery\/2018-produkte\/thumbs\/thumbs_13.JPG\"\n           data-image-id=\"14\"\n           data-title=\"13\"\n           data-description=\"\"\n           class=\"ngg-fancybox\" rel=\"57d46f0a0160c451b1eb7ff3c5719f93\">\n\n            <img data-image-id='14'\n                 title=\"\"\n                 alt=\"13\"\n                 src=\"http:\/\/www.probst-obst.de\/wordpress\/wp-content\/gallery\/2018-produkte\/13.JPG\"\n                 style=\"max-height: 580px;\"\/>\n        <\/a>\n\n        <\/div> \n<div id=\"ngg-image-14\" class=\"ngg-gallery-slideshow-image\" style=\"height:600px\">\n\n        <a href=\"http:\/\/www.probst-obst.de\/wordpress\/wp-content\/gallery\/2018-produkte\/14.JPG\"\n           title=\"\"\n           data-src=\"http:\/\/www.probst-obst.de\/wordpress\/wp-content\/gallery\/2018-produkte\/14.JPG\"\n           data-thumbnail=\"http:\/\/www.probst-obst.de\/wordpress\/wp-content\/gallery\/2018-produkte\/thumbs\/thumbs_14.JPG\"\n           data-image-id=\"15\"\n           data-title=\"14\"\n           data-description=\"\"\n           class=\"ngg-fancybox\" rel=\"57d46f0a0160c451b1eb7ff3c5719f93\">\n\n            <img data-image-id='15'\n                 title=\"\"\n                 alt=\"14\"\n                 src=\"http:\/\/www.probst-obst.de\/wordpress\/wp-content\/gallery\/2018-produkte\/14.JPG\"\n                 style=\"max-height: 580px;\"\/>\n        <\/a>\n\n        <\/div> \n<\/div>\n\n\n\n\n<div> <\/div>\n","protected":false},"excerpt":{"rendered":"<p>Im Hofladen der Familie Probst findet jeder Besucher frische, gute, herzhafte, originelle Produkte aus eigener Produktion oder aus der Bodenseeregion. Direkt vom eigenen Feld oder kurze Lieferwege erm\u00f6glichen es immer frische und aktuelle, saisonbedingte Waren auf den Ladentisch zu bekommen. Der Hofladen befindet sich direkt im Stadel des Geh\u00f6ft Probst und bietet dem Kunden ein St\u00fcck Natur und Professionalit\u00e4t zu<\/p>\n","protected":false},"author":1,"featured_media":0,"parent":0,"menu_order":1,"comment_status":"closed","ping_status":"open","template":"","meta":{"ngg_post_thumbnail":0},"_links":{"self":[{"href":"http:\/\/www.probst-obst.de\/index.php?rest_route=\/wp\/v2\/pages\/2"}],"collection":[{"href":"http:\/\/www.probst-obst.de\/index.php?rest_route=\/wp\/v2\/pages"}],"about":[{"href":"http:\/\/www.probst-obst.de\/index.php?rest_route=\/wp\/v2\/types\/page"}],"author":[{"embeddable":true,"href":"http:\/\/www.probst-obst.de\/index.php?rest_route=\/wp\/v2\/users\/1"}],"replies":[{"embeddable":true,"href":"http:\/\/www.probst-obst.de\/index.php?rest_route=%2Fwp%2Fv2%2Fcomments&post=2"}],"version-history":[{"count":100,"href":"http:\/\/www.probst-obst.de\/index.php?rest_route=\/wp\/v2\/pages\/2\/revisions"}],"predecessor-version":[{"id":402,"href":"http:\/\/www.probst-obst.de\/index.php?rest_route=\/wp\/v2\/pages\/2\/revisions\/402"}],"wp:attachment":[{"href":"http:\/\/www.probst-obst.de\/index.php?rest_route=%2Fwp%2Fv2%2Fmedia&parent=2"}],"curies":[{"name":"wp","href":"https:\/\/api.w.org\/{rel}","templated":true}]}}